{"id":52892,"date":"2021-11-30T12:57:41","date_gmt":"2021-11-30T11:57:41","guid":{"rendered":"https:\/\/supreme-fitness.de\/?page_id=52892"},"modified":"2026-02-26T15:19:28","modified_gmt":"2026-02-26T14:19:28","slug":"impressum","status":"publish","type":"page","link":"https:\/\/supreme-fitness.de\/?page_id=52892","title":{"rendered":"Impressum"},"content":{"rendered":"<p>[et_pb_section fb_built=&#8220;1&#8243; _builder_version=&#8220;4.16&#8243; locked=&#8220;off&#8220; global_colors_info=&#8220;{}&#8220;][et_pb_row use_custom_gutter=&#8220;on&#8220; gutter_width=&#8220;2&#8243; make_equal=&#8220;on&#8220; _builder_version=&#8220;4.16&#8243; width_tablet=&#8220;90%&#8220; width_phone=&#8220;90%&#8220; width_last_edited=&#8220;off|tablet&#8220; max_width_tablet=&#8220;90%&#8220; max_width_phone=&#8220;90%&#8220; max_width_last_edited=&#8220;off|phone&#8220; locked=&#8220;off&#8220; global_colors_info=&#8220;{}&#8220;][et_pb_column type=&#8220;4_4&#8243; _builder_version=&#8220;4.16&#8243; custom_padding=&#8220;|||&#8220; global_colors_info=&#8220;{}&#8220; custom_padding__hover=&#8220;|||&#8220;][et_pb_text admin_label=&#8220;H1&#8243; _builder_version=&#8220;4.16&#8243; text_font=&#8220;Nunito||||||||&#8220; text_font_size=&#8220;15px&#8220; header_font=&#8220;Poppins|300|||||||&#8220; header_text_align=&#8220;left&#8220; header_text_color=&#8220;#000000&#8243; header_font_size=&#8220;50px&#8220; header_line_height=&#8220;1.3em&#8220; max_width=&#8220;604px&#8220; custom_margin=&#8220;||||false|false&#8220; header_font_size_tablet=&#8220;40px&#8220; header_font_size_phone=&#8220;25px&#8220; header_font_size_last_edited=&#8220;on|phone&#8220; global_colors_info=&#8220;{}&#8220;]<\/p>\n<h1>Impressum<\/h1>\n<p>[\/et_pb_text][\/et_pb_column][\/et_pb_row][et_pb_row column_structure=&#8220;1_3,1_3,1_3&#8243; _builder_version=&#8220;4.16&#8243; background_size=&#8220;initial&#8220; background_position=&#8220;top_left&#8220; background_repeat=&#8220;repeat&#8220; global_colors_info=&#8220;{}&#8220;][et_pb_column type=&#8220;1_3&#8243; _builder_version=&#8220;4.16&#8243; custom_padding=&#8220;|||&#8220; global_colors_info=&#8220;{}&#8220; custom_padding__hover=&#8220;|||&#8220;][et_pb_text _builder_version=&#8220;4.27.5&#8243; _module_preset=&#8220;default&#8220; hover_enabled=&#8220;0&#8243; global_colors_info=&#8220;{}&#8220; sticky_enabled=&#8220;0&#8243;]<\/p>\n<p><strong>Dr. Mo Fitness<br \/><\/strong>Supreme Fitness Club Untermeitingen<strong><br \/><\/strong>Boschstra\u00dfe 2<br \/>86836 Untermeitingen<\/p>\n<p><strong>Inhaber:<\/strong><br \/>Dr. Tobias Mollemeyer<br \/>Neue Gasse 34\/1<br \/>89077 Ulm<\/p>\n<p>Tel. +49 (0)8232 9941014<br \/>E-Mail: &#107;&#x6f;&#x6e;t&#97;&#x6b;t&#64;&#x73;&#x75;&#112;&#x72;&#x65;m&#101;&#x2d;f&#105;&#x74;&#x6e;&#101;&#x73;&#x73;&#46;&#100;&#x65;<br \/>Internet: supreme-fitness.de<\/p>\n<p><strong>Vertreten durch:<\/strong><br \/>Dr. Tobias Mollemeyer<br \/>Boschstra\u00dfe 2<br \/>86836 Untermeitingen<\/p>\n<p>[\/et_pb_text][\/et_pb_column][et_pb_column type=&#8220;1_3&#8243; _builder_version=&#8220;4.16&#8243; custom_padding=&#8220;|||&#8220; global_colors_info=&#8220;{}&#8220; custom_padding__hover=&#8220;|||&#8220;][et_pb_text _builder_version=&#8220;4.27.5&#8243; _module_preset=&#8220;default&#8220; hover_enabled=&#8220;0&#8243; global_colors_info=&#8220;{}&#8220; sticky_enabled=&#8220;0&#8243;]<\/p>\n<p><strong>Umsatzsteuer-Identifikationsnummer gem\u00e4\u00df \u00a7 27 a UStG:<\/strong><br \/>beantragt<\/p>\n<p><strong>Verantwortlich f\u00fcr den Inhalt der Website<\/strong><br \/>SUPREME Fitness Club Untermeitingen<br \/>Tobias Mollemeyer<br \/>Boschstra\u00dfe 2<br \/>86836 Untermeitingen<\/p>\n<p>&nbsp;<\/p>\n<p>[\/et_pb_text][\/et_pb_column][et_pb_column type=&#8220;1_3&#8243; _builder_version=&#8220;4.16&#8243; custom_padding=&#8220;|||&#8220; global_colors_info=&#8220;{}&#8220; custom_padding__hover=&#8220;|||&#8220;][\/et_pb_column][\/et_pb_row][\/et_pb_section][et_pb_section fb_built=&#8220;1&#8243; admin_label=&#8220;Footer&#8220; _builder_version=&#8220;4.27.5&#8243; _module_preset=&#8220;default&#8220; background_color=&#8220;#000000&#8243; custom_padding=&#8220;||0px|||&#8220; saved_tabs=&#8220;all&#8220; locked=&#8220;off&#8220; collapsed=&#8220;off&#8220; global_colors_info=&#8220;{}&#8220;][et_pb_row column_structure=&#8220;1_3,1_3,1_3&#8243; _builder_version=&#8220;4.27.5&#8243; _module_preset=&#8220;default&#8220; background_enable_color=&#8220;off&#8220; global_colors_info=&#8220;{}&#8220;][et_pb_column type=&#8220;1_3&#8243; _builder_version=&#8220;4.27.5&#8243; _module_preset=&#8220;default&#8220; global_colors_info=&#8220;{}&#8220;][et_pb_text _builder_version=&#8220;4.27.5&#8243; _module_preset=&#8220;0dc07b94-20ec-4171-9d6c-a4b8d4525f21&#8243; background_layout=&#8220;dark&#8220; custom_margin=&#8220;||10px||false|false&#8220; global_colors_info=&#8220;{}&#8220;]<\/p>\n<h6>Hier findest Du uns<\/h6>\n<p>[\/et_pb_text][et_pb_text _builder_version=&#8220;4.27.5&#8243; _module_preset=&#8220;4118a7e9-a1b6-4ab0-adad-a85b7e49b66c&#8220; text_font=&#8220;||||||||&#8220; link_text_color=&#8220;gcid-995ea536-d942-449e-b40e-0d7d5e4aa608&#8243; background_layout=&#8220;dark&#8220; custom_margin=&#8220;||10px||false|false&#8220; global_colors_info=&#8220;{%22gcid-995ea536-d942-449e-b40e-0d7d5e4aa608%22:%91%22link_text_color%22%93}&#8220;]<\/p>\n<p>Boschstra\u00dfe 2<br \/>86836 Untermeitingen<\/p>\n<p>[\/et_pb_text][\/et_pb_column][et_pb_column type=&#8220;1_3&#8243; _builder_version=&#8220;4.22.1&#8243; _module_preset=&#8220;default&#8220; global_colors_info=&#8220;{}&#8220;][et_pb_text _builder_version=&#8220;4.27.5&#8243; _module_preset=&#8220;0dc07b94-20ec-4171-9d6c-a4b8d4525f21&#8243; background_layout=&#8220;dark&#8220; custom_margin=&#8220;||10px||false|false&#8220; global_colors_info=&#8220;{}&#8220;]<\/p>\n<h6>So erreichst Du uns<\/h6>\n<p>[\/et_pb_text][et_pb_text _builder_version=&#8220;4.27.5&#8243; _module_preset=&#8220;4118a7e9-a1b6-4ab0-adad-a85b7e49b66c&#8220; text_font=&#8220;||||||||&#8220; link_text_color=&#8220;gcid-995ea536-d942-449e-b40e-0d7d5e4aa608&#8243; background_layout=&#8220;dark&#8220; custom_margin=&#8220;||10px||false|false&#8220; link_option_url=&#8220;mailto: &#x6b;&#x6f;&#x6e;&#x74;&#97;&#107;&#116;&#64;s&#x75;&#x70;&#x72;&#x65;&#x6d;&#101;&#45;&#102;it&#x6e;&#x65;&#x73;&#x73;&#x2e;&#100;&#101;&#8220; global_colors_info=&#8220;{%22gcid-995ea536-d942-449e-b40e-0d7d5e4aa608%22:%91%22link_text_color%22%93}&#8220;]<\/p>\n<p>k&#111;&#110;&#x74;&#x61;kt&#64;&#115;&#x75;&#x70;re&#109;&#101;&#x2d;&#x66;it&#110;&#x65;&#x73;&#x73;&#46;&#100;&#101;<\/p>\n<p>[\/et_pb_text][\/et_pb_column][et_pb_column type=&#8220;1_3&#8243; _builder_version=&#8220;4.22.1&#8243; _module_preset=&#8220;default&#8220; global_colors_info=&#8220;{}&#8220;][et_pb_text _builder_version=&#8220;4.27.5&#8243; _module_preset=&#8220;0dc07b94-20ec-4171-9d6c-a4b8d4525f21&#8243; background_layout=&#8220;dark&#8220; custom_margin=&#8220;||10px||false|false&#8220; global_colors_info=&#8220;{}&#8220;]<\/p>\n<h6>Links<\/h6>\n<p>[\/et_pb_text][et_pb_text _builder_version=&#8220;4.27.5&#8243; _module_preset=&#8220;4118a7e9-a1b6-4ab0-adad-a85b7e49b66c&#8220; text_font=&#8220;||||||||&#8220; link_text_color=&#8220;#FFFFFF&#8220; background_layout=&#8220;dark&#8220; custom_margin=&#8220;||10px||false|false&#8220; link_option_url=&#8220;mailto: &#107;&#x6f;&#x6e;&#116;&#x61;&#x6b;&#116;&#x40;&#x73;&#117;&#x70;&#x72;&#101;&#x6d;&#x65;&#45;&#x66;&#x69;&#116;&#x6e;&#x65;&#115;&#x73;&#x2e;&#100;&#x65;&#8220; global_colors_info=&#8220;{}&#8220;]<\/p>\n<p><a href=\"https:\/\/supreme-fitness.de\/?page_id=52892\">Impressum<\/a><br \/><a href=\"https:\/\/supreme-fitness.de\/?page_id=3\">Datenschutz<\/a><\/p>\n<p>[\/et_pb_text][\/et_pb_column][\/et_pb_row][\/et_pb_section]<\/p>\n","protected":false},"excerpt":{"rendered":"<p>ImpressumDr. Mo FitnessSupreme Fitness Club UntermeitingenBoschstra\u00dfe 286836 Untermeitingen Inhaber:Dr. Tobias MollemeyerNeue Gasse 34\/189077 Ulm Tel. +49 (0)8232 9941014E-Mail: k&#111;&#x6e;&#x74;&#x61;k&#116;&#x40;&#x73;&#x75;p&#114;&#x65;&#x6d;&#x65;-&#102;&#x69;&#x74;&#x6e;e&#115;&#x73;&#x2e;&#x64;e&#73;&#x6e;&#x74;&#x65;r&#110;&#x65;&#x74;: supreme-fitness.de Vertreten durch:Dr. Tobias MollemeyerBoschstra\u00dfe 286836 UntermeitingenUmsatzsteuer-Identifikationsnummer gem\u00e4\u00df \u00a7 27 a UStG:beantragt Verantwortlich f\u00fcr den Inhalt der WebsiteSUPREME Fitness Club UntermeitingenTobias MollemeyerBoschstra\u00dfe 286836 Untermeitingen &nbsp;Hier findest Du unsBoschstra\u00dfe 286836 UntermeitingenSo erreichst Du &#x75;n&#x73;&#107;&#x6f;&#110;t&#x61;k&#x74;&#64;&#x73;&#117;p&#x72;&#101;&#x6d;&#101;-&#x66;i&#x74;&#110;&#x65;&#115;s&#x2e;d&#x65;&#76;&#x69;&#x6e;k&#x73;&#73;&#x6d;&#112;r&#x65;s&#x73;&#117;&#x6d;&#68;a&#x74;&#101;&#x6e;&#115;&#x63;&#x68;u&#x74;&#122;<\/p>\n","protected":false},"author":1,"featured_media":0,"parent":0,"menu_order":0,"comment_status":"closed","ping_status":"closed","template":"","meta":{"_et_pb_use_builder":"on","_et_pb_old_content":"","_et_gb_content_width":"","footnotes":""},"class_list":["post-52892","page","type-page","status-publish","hentry"],"yoast_head":"<!-- This site is optimized with the Yoast SEO plugin v27.6 - https:\/\/yoast.com\/product\/yoast-seo-wordpress\/ -->\n<title>Impressum - Supreme Fitness-Club<\/title>\n<meta name=\"robots\" content=\"index, follow, max-snippet:-1, max-image-preview:large, max-video-preview:-1\" \/>\n<link rel=\"canonical\" href=\"https:\/\/supreme-fitness.de\/?page_id=52892\" \/>\n<meta property=\"og:locale\" content=\"de_DE\" \/>\n<meta property=\"og:type\" content=\"article\" \/>\n<meta property=\"og:title\" content=\"Impressum - Supreme Fitness-Club\" \/>\n<meta property=\"og:description\" content=\"ImpressumDr. Mo FitnessSupreme Fitness Club UntermeitingenBoschstra\u00dfe 286836 Untermeitingen Inhaber:Dr. Tobias MollemeyerNeue Gasse 34\/189077 Ulm Tel. +49 (0)8232 9941014E-Mail: kontakt@supreme-fitness.deInternet: supreme-fitness.de Vertreten durch:Dr. Tobias MollemeyerBoschstra\u00dfe 286836 UntermeitingenUmsatzsteuer-Identifikationsnummer gem\u00e4\u00df \u00a7 27 a UStG:beantragt Verantwortlich f\u00fcr den Inhalt der WebsiteSUPREME Fitness Club UntermeitingenTobias MollemeyerBoschstra\u00dfe 286836 Untermeitingen &nbsp;Hier findest Du unsBoschstra\u00dfe 286836 UntermeitingenSo erreichst Du unskontakt@supreme-fitness.deLinksImpressumDatenschutz\" \/>\n<meta property=\"og:url\" content=\"https:\/\/supreme-fitness.de\/?page_id=52892\" \/>\n<meta property=\"og:site_name\" content=\"Supreme Fitness-Club\" \/>\n<meta property=\"article:modified_time\" content=\"2026-02-26T14:19:28+00:00\" \/>\n<meta name=\"twitter:card\" content=\"summary_large_image\" \/>\n<meta name=\"twitter:label1\" content=\"Gesch\u00e4tzte Lesezeit\" \/>\n\t<meta name=\"twitter:data1\" content=\"1\u00a0Minute\" \/>\n<script type=\"application\/ld+json\" class=\"yoast-schema-graph\">{\"@context\":\"https:\\\/\\\/schema.org\",\"@graph\":[{\"@type\":\"WebPage\",\"@id\":\"https:\\\/\\\/supreme-fitness.de\\\/?page_id=52892\",\"url\":\"https:\\\/\\\/supreme-fitness.de\\\/?page_id=52892\",\"name\":\"Impressum - Supreme Fitness-Club\",\"isPartOf\":{\"@id\":\"https:\\\/\\\/supreme-fitness.de\\\/#website\"},\"datePublished\":\"2021-11-30T11:57:41+00:00\",\"dateModified\":\"2026-02-26T14:19:28+00:00\",\"breadcrumb\":{\"@id\":\"https:\\\/\\\/supreme-fitness.de\\\/?page_id=52892#breadcrumb\"},\"inLanguage\":\"de\",\"potentialAction\":[{\"@type\":\"ReadAction\",\"target\":[\"https:\\\/\\\/supreme-fitness.de\\\/?page_id=52892\"]}]},{\"@type\":\"BreadcrumbList\",\"@id\":\"https:\\\/\\\/supreme-fitness.de\\\/?page_id=52892#breadcrumb\",\"itemListElement\":[{\"@type\":\"ListItem\",\"position\":1,\"name\":\"Startseite\",\"item\":\"https:\\\/\\\/supreme-fitness.de\\\/\"},{\"@type\":\"ListItem\",\"position\":2,\"name\":\"Impressum\"}]},{\"@type\":\"WebSite\",\"@id\":\"https:\\\/\\\/supreme-fitness.de\\\/#website\",\"url\":\"https:\\\/\\\/supreme-fitness.de\\\/\",\"name\":\"Supreme Fitness-Club\",\"description\":\"Standardinstallation\",\"potentialAction\":[{\"@type\":\"SearchAction\",\"target\":{\"@type\":\"EntryPoint\",\"urlTemplate\":\"https:\\\/\\\/supreme-fitness.de\\\/?s={search_term_string}\"},\"query-input\":{\"@type\":\"PropertyValueSpecification\",\"valueRequired\":true,\"valueName\":\"search_term_string\"}}],\"inLanguage\":\"de\"}]}<\/script>\n<!-- \/ Yoast SEO plugin. -->","yoast_head_json":{"title":"Impressum - Supreme Fitness-Club","robots":{"index":"index","follow":"follow","max-snippet":"max-snippet:-1","max-image-preview":"max-image-preview:large","max-video-preview":"max-video-preview:-1"},"canonical":"https:\/\/supreme-fitness.de\/?page_id=52892","og_locale":"de_DE","og_type":"article","og_title":"Impressum - Supreme Fitness-Club","og_description":"ImpressumDr. Mo FitnessSupreme Fitness Club UntermeitingenBoschstra\u00dfe 286836 Untermeitingen Inhaber:Dr. Tobias MollemeyerNeue Gasse 34\/189077 Ulm Tel. +49 (0)8232 9941014E-Mail: kontakt@supreme-fitness.deInternet: supreme-fitness.de Vertreten durch:Dr. Tobias MollemeyerBoschstra\u00dfe 286836 UntermeitingenUmsatzsteuer-Identifikationsnummer gem\u00e4\u00df \u00a7 27 a UStG:beantragt Verantwortlich f\u00fcr den Inhalt der WebsiteSUPREME Fitness Club UntermeitingenTobias MollemeyerBoschstra\u00dfe 286836 Untermeitingen &nbsp;Hier findest Du unsBoschstra\u00dfe 286836 UntermeitingenSo erreichst Du unskontakt@supreme-fitness.deLinksImpressumDatenschutz","og_url":"https:\/\/supreme-fitness.de\/?page_id=52892","og_site_name":"Supreme Fitness-Club","article_modified_time":"2026-02-26T14:19:28+00:00","twitter_card":"summary_large_image","twitter_misc":{"Gesch\u00e4tzte Lesezeit":"1\u00a0Minute"},"schema":{"@context":"https:\/\/schema.org","@graph":[{"@type":"WebPage","@id":"https:\/\/supreme-fitness.de\/?page_id=52892","url":"https:\/\/supreme-fitness.de\/?page_id=52892","name":"Impressum - Supreme Fitness-Club","isPartOf":{"@id":"https:\/\/supreme-fitness.de\/#website"},"datePublished":"2021-11-30T11:57:41+00:00","dateModified":"2026-02-26T14:19:28+00:00","breadcrumb":{"@id":"https:\/\/supreme-fitness.de\/?page_id=52892#breadcrumb"},"inLanguage":"de","potentialAction":[{"@type":"ReadAction","target":["https:\/\/supreme-fitness.de\/?page_id=52892"]}]},{"@type":"BreadcrumbList","@id":"https:\/\/supreme-fitness.de\/?page_id=52892#breadcrumb","itemListElement":[{"@type":"ListItem","position":1,"name":"Startseite","item":"https:\/\/supreme-fitness.de\/"},{"@type":"ListItem","position":2,"name":"Impressum"}]},{"@type":"WebSite","@id":"https:\/\/supreme-fitness.de\/#website","url":"https:\/\/supreme-fitness.de\/","name":"Supreme Fitness-Club","description":"Standardinstallation","potentialAction":[{"@type":"SearchAction","target":{"@type":"EntryPoint","urlTemplate":"https:\/\/supreme-fitness.de\/?s={search_term_string}"},"query-input":{"@type":"PropertyValueSpecification","valueRequired":true,"valueName":"search_term_string"}}],"inLanguage":"de"}]}},"_links":{"self":[{"href":"https:\/\/supreme-fitness.de\/index.php?rest_route=\/wp\/v2\/pages\/52892","targetHints":{"allow":["GET"]}}],"collection":[{"href":"https:\/\/supreme-fitness.de\/index.php?rest_route=\/wp\/v2\/pages"}],"about":[{"href":"https:\/\/supreme-fitness.de\/index.php?rest_route=\/wp\/v2\/types\/page"}],"author":[{"embeddable":true,"href":"https:\/\/supreme-fitness.de\/index.php?rest_route=\/wp\/v2\/users\/1"}],"replies":[{"embeddable":true,"href":"https:\/\/supreme-fitness.de\/index.php?rest_route=%2Fwp%2Fv2%2Fcomments&post=52892"}],"version-history":[{"count":16,"href":"https:\/\/supreme-fitness.de\/index.php?rest_route=\/wp\/v2\/pages\/52892\/revisions"}],"predecessor-version":[{"id":54258,"href":"https:\/\/supreme-fitness.de\/index.php?rest_route=\/wp\/v2\/pages\/52892\/revisions\/54258"}],"wp:attachment":[{"href":"https:\/\/supreme-fitness.de\/index.php?rest_route=%2Fwp%2Fv2%2Fmedia&parent=52892"}],"curies":[{"name":"wp","href":"https:\/\/api.w.org\/{rel}","templated":true}]}}